{"id":2607,"date":"2023-12-09T00:14:29","date_gmt":"2023-12-09T00:14:29","guid":{"rendered":"https:\/\/astrid.pe\/?post_type=product&#038;p=2607"},"modified":"2023-12-09T01:31:27","modified_gmt":"2023-12-09T01:31:27","slug":"vestido-largo-shein-prive-azul","status":"publish","type":"product","link":"https:\/\/astrid.pe\/?product=vestido-largo-shein-prive-azul","title":{"rendered":"VESTIDO LARGO SHEIN PRIVE AZUL"},"content":{"rendered":"<div>\n<div><span style=\"color: #222222; font-family: Arial, Helvetica, sans-serif; font-size: 12px; text-align: justify;\"><b>Detalle:<\/b><\/span><\/div>\n<div><span style=\"color: #222222; font-family: Arial, Helvetica, sans-serif; font-size: 12px; text-align: justify;\"><b>\u00a0<\/b><\/span><\/div>\n<div>\n<table class=\"MsoNormalTable\" style=\"width: 328.0pt; border-collapse: collapse; mso-yfti-tbllook: 1184; mso-padding-alt: 0cm 3.5pt 0cm 3.5pt;\" border=\"0\" width=\"437\" cellspacing=\"0\" cellpadding=\"0\">\n<tbody>\n<tr style=\"mso-yfti-irow: 0; mso-yfti-firstrow: yes; height: 15.0pt;\">\n<td style=\"width: 184px; border: solid windowtext 1.0pt; mso-border-alt: solid windowtext .5pt; padding: 0cm 3.5pt 0cm 3.5pt; height: 15.0pt; white-space: nowrap;\" valign=\"bottom\"><b><span style=\"font-size: small;\">Caracter\u00edstica<\/span><\/b><\/td>\n<td style=\"width: 253px; border: solid windowtext 1.0pt; border-left: none; mso-border-top-alt: solid windowtext .75pt; mso-border-bottom-alt: solid windowtext .75pt; mso-border-right-alt: solid windowtext .75pt; padding: 0cm 3.5pt 0cm 3.5pt; height: 15.0pt; white-space: nowrap;\" valign=\"bottom\"><b><span style=\"font-size: small;\">Descripci\u00f3n<\/span><\/b><\/td>\n<\/tr>\n<tr style=\"mso-yfti-irow: 1; height: 15.0pt;\">\n<td style=\"width: 184px; border: solid windowtext 1.0pt; border-top: none; mso-border-left-alt: solid windowtext .5pt; mso-border-bottom-alt: solid windowtext .5pt; mso-border-right-alt: solid windowtext .5pt; padding: 0cm 3.5pt 0cm 3.5pt; height: 15.0pt; white-space: nowrap;\" valign=\"bottom\"><span style=\"font-size: small;\">Color<\/span><\/td>\n<td style=\"width: 253px; border-top: none; border-left: none; border-bottom: solid windowtext 1.0pt; border-right: solid windowtext 1.0pt; mso-border-bottom-alt: solid windowtext .5pt; mso-border-right-alt: solid windowtext .5pt; padding: 0cm 3.5pt 0cm 3.5pt; height: 15.0pt; white-space: nowrap;\" valign=\"bottom\"><span style=\"font-size: small;\">Azul<\/span><\/td>\n<\/tr>\n<tr style=\"mso-yfti-irow: 2; height: 15.0pt;\">\n<td style=\"width: 184px; border: solid windowtext 1.0pt; border-top: none; mso-border-left-alt: solid windowtext .5pt; mso-border-bottom-alt: solid windowtext .5pt; mso-border-right-alt: solid windowtext .5pt; padding: 0cm 3.5pt 0cm 3.5pt; height: 15.0pt; white-space: nowrap;\" valign=\"bottom\"><span style=\"font-size: small;\">Estilo<\/span><\/td>\n<td style=\"width: 253px; border-top: none; border-left: none; border-bottom: solid windowtext 1.0pt; border-right: solid windowtext 1.0pt; mso-border-bottom-alt: solid windowtext .5pt; mso-border-right-alt: solid windowtext .5pt; padding: 0cm 3.5pt 0cm 3.5pt; height: 15.0pt; white-space: nowrap;\" valign=\"bottom\"><span style=\"font-size: small;\">Casual<\/span><\/td>\n<\/tr>\n<tr style=\"mso-yfti-irow: 3; height: 15.0pt;\">\n<td style=\"width: 184px; border: solid windowtext 1.0pt; border-top: none; mso-border-left-alt: solid windowtext .5pt; mso-border-bottom-alt: solid windowtext .5pt; mso-border-right-alt: solid windowtext .5pt; padding: 0cm 3.5pt 0cm 3.5pt; height: 15.0pt; white-space: nowrap;\" valign=\"bottom\"><span style=\"font-size: small;\">Tipo de Estampado<\/span><\/td>\n<td style=\"width: 253px; border-top: none; border-left: none; border-bottom: solid windowtext 1.0pt; border-right: solid windowtext 1.0pt; mso-border-bottom-alt: solid windowtext .5pt; mso-border-right-alt: solid windowtext .5pt; padding: 0cm 3.5pt 0cm 3.5pt; height: 15.0pt; white-space: nowrap;\" valign=\"bottom\"><span style=\"font-size: small;\">Tie-Dye<\/span><\/td>\n<\/tr>\n<tr style=\"mso-yfti-irow: 4; height: 15.0pt;\">\n<td style=\"width: 184px; border: solid windowtext 1.0pt; border-top: none; mso-border-left-alt: solid windowtext .5pt; mso-border-bottom-alt: solid windowtext .5pt; mso-border-right-alt: solid windowtext .5pt; padding: 0cm 3.5pt 0cm 3.5pt; height: 15.0pt; white-space: nowrap;\" valign=\"bottom\"><span style=\"font-size: small;\">Detalles<\/span><\/td>\n<td style=\"width: 253px; border-top: none; border-left: none; border-bottom: solid windowtext 1.0pt; border-right: solid windowtext 1.0pt; mso-border-bottom-alt: solid windowtext .5pt; mso-border-right-alt: solid windowtext .5pt; padding: 0cm 3.5pt 0cm 3.5pt; height: 15.0pt; white-space: nowrap;\" valign=\"bottom\"><span style=\"font-size: small;\">Espalda al aire, Drapeado, Abertura alta<\/span><\/td>\n<\/tr>\n<tr style=\"mso-yfti-irow: 5; height: 15.0pt;\">\n<td style=\"width: 184px; border: solid windowtext 1.0pt; border-top: none; mso-border-left-alt: solid windowtext .5pt; mso-border-bottom-alt: solid windowtext .5pt; mso-border-right-alt: solid windowtext .5pt; padding: 0cm 3.5pt 0cm 3.5pt; height: 15.0pt; white-space: nowrap;\" valign=\"bottom\"><span style=\"font-size: small;\">Escote<\/span><\/td>\n<td style=\"width: 253px; border-top: none; border-left: none; border-bottom: solid windowtext 1.0pt; border-right: solid windowtext 1.0pt; mso-border-bottom-alt: solid windowtext .5pt; mso-border-right-alt: solid windowtext .5pt; padding: 0cm 3.5pt 0cm 3.5pt; height: 15.0pt; white-space: nowrap;\" valign=\"bottom\"><span style=\"font-size: small;\">Tirantes finos<\/span><\/td>\n<\/tr>\n<tr style=\"mso-yfti-irow: 6; height: 15.0pt;\">\n<td style=\"width: 184px; border: solid windowtext 1.0pt; border-top: none; mso-border-left-alt: solid windowtext .5pt; mso-border-bottom-alt: solid windowtext .5pt; mso-border-right-alt: solid windowtext .5pt; padding: 0cm 3.5pt 0cm 3.5pt; height: 15.0pt; white-space: nowrap;\" valign=\"bottom\"><span style=\"font-size: small;\">Longitud de la Manga<\/span><\/td>\n<td style=\"width: 253px; border-top: none; border-left: none; border-bottom: solid windowtext 1.0pt; border-right: solid windowtext 1.0pt; mso-border-bottom-alt: solid windowtext .5pt; mso-border-right-alt: solid windowtext .5pt; padding: 0cm 3.5pt 0cm 3.5pt; height: 15.0pt; white-space: nowrap;\" valign=\"bottom\"><span style=\"font-size: small;\">Sin mangas<\/span><\/td>\n<\/tr>\n<tr style=\"mso-yfti-irow: 7; height: 15.0pt;\">\n<td style=\"width: 184px; border: solid windowtext 1.0pt; border-top: none; mso-border-left-alt: solid windowtext .5pt; mso-border-bottom-alt: solid windowtext .5pt; mso-border-right-alt: solid windowtext .5pt; padding: 0cm 3.5pt 0cm 3.5pt; height: 15.0pt; white-space: nowrap;\" valign=\"bottom\"><span style=\"font-size: small;\">Tipo<\/span><\/td>\n<td style=\"width: 253px; border-top: none; border-left: none; border-bottom: solid windowtext 1.0pt; border-right: solid windowtext 1.0pt; mso-border-bottom-alt: solid windowtext .5pt; mso-border-right-alt: solid windowtext .5pt; padding: 0cm 3.5pt 0cm 3.5pt; height: 15.0pt; white-space: nowrap;\" valign=\"bottom\"><span style=\"font-size: small;\">Tirantes<\/span><\/td>\n<\/tr>\n<tr style=\"mso-yfti-irow: 8; height: 15.0pt;\">\n<td style=\"width: 184px; border: solid windowtext 1.0pt; border-top: none; mso-border-left-alt: solid windowtext .5pt; mso-border-bottom-alt: solid windowtext .5pt; mso-border-right-alt: solid windowtext .5pt; padding: 0cm 3.5pt 0cm 3.5pt; height: 15.0pt; white-space: nowrap;\" valign=\"bottom\"><span style=\"font-size: small;\">L\u00ednea del Talle de la Cintura<\/span><\/td>\n<td style=\"width: 253px; border-top: none; border-left: none; border-bottom: solid windowtext 1.0pt; border-right: solid windowtext 1.0pt; mso-border-bottom-alt: solid windowtext .5pt; mso-border-right-alt: solid windowtext .5pt; padding: 0cm 3.5pt 0cm 3.5pt; height: 15.0pt; white-space: nowrap;\" valign=\"bottom\"><span style=\"font-size: small;\">Talle alto<\/span><\/td>\n<\/tr>\n<tr style=\"mso-yfti-irow: 9; height: 15.0pt;\">\n<td style=\"width: 184px; border: solid windowtext 1.0pt; border-top: none; mso-border-left-alt: solid windowtext .5pt; mso-border-bottom-alt: solid windowtext .5pt; mso-border-right-alt: solid windowtext .5pt; padding: 0cm 3.5pt 0cm 3.5pt; height: 15.0pt; white-space: nowrap;\" valign=\"bottom\"><span style=\"font-size: small;\">Corte del bajo<\/span><\/td>\n<td style=\"width: 253px; border-top: none; border-left: none; border-bottom: solid windowtext 1.0pt; border-right: solid windowtext 1.0pt; mso-border-bottom-alt: solid windowtext .5pt; mso-border-right-alt: solid windowtext .5pt; padding: 0cm 3.5pt 0cm 3.5pt; height: 15.0pt; white-space: nowrap;\" valign=\"bottom\"><span style=\"font-size: small;\">Abertura<\/span><\/td>\n<\/tr>\n<tr style=\"mso-yfti-irow: 10; height: 15.0pt;\">\n<td style=\"width: 184px; border: solid windowtext 1.0pt; border-top: none; mso-border-left-alt: solid windowtext .5pt; mso-border-bottom-alt: solid windowtext .5pt; mso-border-right-alt: solid windowtext .5pt; padding: 0cm 3.5pt 0cm 3.5pt; height: 15.0pt; white-space: nowrap;\" valign=\"bottom\"><span style=\"font-size: small;\">Longitud<\/span><\/td>\n<td style=\"width: 253px; border-top: none; border-left: none; border-bottom: solid windowtext 1.0pt; border-right: solid windowtext 1.0pt; mso-border-bottom-alt: solid windowtext .5pt; mso-border-right-alt: solid windowtext .5pt; padding: 0cm 3.5pt 0cm 3.5pt; height: 15.0pt; white-space: nowrap;\" valign=\"bottom\"><span style=\"font-size: small;\">Midi<\/span><\/td>\n<\/tr>\n<tr style=\"mso-yfti-irow: 11; height: 15.0pt;\">\n<td style=\"width: 184px; border: solid windowtext 1.0pt; border-top: none; mso-border-left-alt: solid windowtext .5pt; mso-border-bottom-alt: solid windowtext .5pt; mso-border-right-alt: solid windowtext .5pt; padding: 0cm 3.5pt 0cm 3.5pt; height: 15.0pt; white-space: nowrap;\" valign=\"bottom\"><span style=\"font-size: small;\">Tipo de ajuste<\/span><\/td>\n<td style=\"width: 253px; border-top: none; border-left: none; border-bottom: solid windowtext 1.0pt; border-right: solid windowtext 1.0pt; mso-border-bottom-alt: solid windowtext .5pt; mso-border-right-alt: solid windowtext .5pt; padding: 0cm 3.5pt 0cm 3.5pt; height: 15.0pt; white-space: nowrap;\" valign=\"bottom\"><span style=\"font-size: small;\">Ajustado<\/span><\/td>\n<\/tr>\n<tr style=\"mso-yfti-irow: 12; height: 15.0pt;\">\n<td style=\"width: 184px; border: solid windowtext 1.0pt; border-top: none; mso-border-left-alt: solid windowtext .5pt; mso-border-bottom-alt: solid windowtext .5pt; mso-border-right-alt: solid windowtext .5pt; padding: 0cm 3.5pt 0cm 3.5pt; height: 15.0pt; white-space: nowrap;\" valign=\"bottom\"><span style=\"font-size: small;\">Tejido<\/span><\/td>\n<td style=\"width: 253px; border-top: none; border-left: none; border-bottom: solid windowtext 1.0pt; border-right: solid windowtext 1.0pt; mso-border-bottom-alt: solid windowtext .5pt; mso-border-right-alt: solid windowtext .5pt; padding: 0cm 3.5pt 0cm 3.5pt; height: 15.0pt; white-space: nowrap;\" valign=\"bottom\"><span style=\"font-size: small;\">Estiramiento medio<\/span><\/td>\n<\/tr>\n<tr style=\"mso-yfti-irow: 13; height: 15.0pt;\">\n<td style=\"width: 184px; border: solid windowtext 1.0pt; border-top: none; mso-border-left-alt: solid windowtext .5pt; mso-border-bottom-alt: solid windowtext .5pt; mso-border-right-alt: solid windowtext .5pt; padding: 0cm 3.5pt 0cm 3.5pt; height: 15.0pt; white-space: nowrap;\" valign=\"bottom\"><span style=\"font-size: small;\">Material<\/span><\/td>\n<td style=\"width: 253px; border-top: none; border-left: none; border-bottom: solid windowtext 1.0pt; border-right: solid windowtext 1.0pt; mso-border-bottom-alt: solid windowtext .5pt; mso-border-right-alt: solid windowtext .5pt; padding: 0cm 3.5pt 0cm 3.5pt; height: 15.0pt; white-space: nowrap;\" valign=\"bottom\"><span style=\"font-size: small;\">Tela tejida<\/span><\/td>\n<\/tr>\n<tr style=\"mso-yfti-irow: 14; height: 15.0pt;\">\n<td style=\"width: 184px; border: solid windowtext 1.0pt; border-top: none; mso-border-left-alt: solid windowtext .5pt; mso-border-bottom-alt: solid windowtext .5pt; mso-border-right-alt: solid windowtext .5pt; padding: 0cm 3.5pt 0cm 3.5pt; height: 15.0pt; white-space: nowrap;\" valign=\"bottom\"><span style=\"font-size: small;\">Composici\u00f3n<\/span><\/td>\n<td style=\"width: 253px; border-top: none; border-left: none; border-bottom: solid windowtext 1.0pt; border-right: solid windowtext 1.0pt; mso-border-bottom-alt: solid windowtext .5pt; mso-border-right-alt: solid windowtext .5pt; padding: 0cm 3.5pt 0cm 3.5pt; height: 15.0pt; white-space: nowrap;\" valign=\"bottom\"><span style=\"font-size: small;\">95% Poli\u00e9ster, 5% Elastano<\/span><\/td>\n<\/tr>\n<tr style=\"mso-yfti-irow: 15; height: 15.0pt;\">\n<td style=\"width: 184px; border: solid windowtext 1.0pt; border-top: none; mso-border-left-alt: solid windowtext .5pt; mso-border-bottom-alt: solid windowtext .5pt; mso-border-right-alt: solid windowtext .5pt; padding: 0cm 3.5pt 0cm 3.5pt; height: 15.0pt; white-space: nowrap;\" valign=\"bottom\"><span style=\"font-size: small;\">Instrucciones de Cuidado<\/span><\/td>\n<td style=\"width: 253px; border-top: none; border-left: none; border-bottom: solid windowtext 1.0pt; border-right: solid windowtext 1.0pt; mso-border-bottom-alt: solid windowtext .5pt; mso-border-right-alt: solid windowtext .5pt; padding: 0cm 3.5pt 0cm 3.5pt; height: 15.0pt; white-space: nowrap;\" valign=\"bottom\"><span style=\"font-size: small;\">Lavadora, no limpiar en seco<\/span><\/td>\n<\/tr>\n<tr style=\"mso-yfti-irow: 16; mso-yfti-lastrow: yes; height: 15.0pt;\">\n<td style=\"width: 184px; border: solid windowtext 1.0pt; border-top: none; mso-border-left-alt: solid windowtext .5pt; mso-border-bottom-alt: solid windowtext .5pt; mso-border-right-alt: solid windowtext .5pt; padding: 0cm 3.5pt 0cm 3.5pt; height: 15.0pt; white-space: nowrap;\" valign=\"bottom\"><span style=\"font-size: small;\">Transparente<\/span><\/td>\n<td style=\"width: 253px; border-top: none; border-left: none; border-bottom: solid windowtext 1.0pt; border-right: solid windowtext 1.0pt; mso-border-bottom-alt: solid windowtext .5pt; mso-border-right-alt: solid windowtext .5pt; padding: 0cm 3.5pt 0cm 3.5pt; height: 15.0pt; white-space: nowrap;\" valign=\"bottom\"><span style=\"font-size: small;\">No<\/span><\/td>\n<\/tr>\n<\/tbody>\n<\/table>\n<\/div>\n<div><span style=\"color: #222222; font-family: Arial, Helvetica, sans-serif; font-size: 12px; text-align: justify;\">\u00a0<\/span><\/div>\n<\/div>\n<div><span style=\"color: #222222; font-family: Arial, Helvetica, sans-serif; font-size: 12px; text-align: justify;\">\u00a0<\/span><\/div>\n<div><span style=\"color: #222222; font-family: Arial, Helvetica, sans-serif; font-size: 12px; text-align: justify;\"><b>Tallas y dimensiones:<\/b><\/span><\/div>\n<div><span style=\"color: #222222; font-family: Arial, Helvetica, sans-serif; font-size: 12px; text-align: justify;\">\u00a0<\/span><\/div>\n<div>\n<table class=\"j-cm-table\" style=\"border-collapse: collapse; border-spacing: 0px; color: #222222; font-family: Arial, Helvetica, sans-serif; font-size: 12px;\" cellspacing=\"0\" cellpadding=\"0\" data-v-=\"\">\n<tbody>\n<tr class=\"cm-inch common-sizetable__table-tr trhead\" style=\"box-sizing: border-box; text-wrap: nowrap; font-weight: bold; text-align: center;\" data-v-=\"\">\n<td style=\"box-sizing: border-box; margin: 0px; padding: 0px 4px; min-width: 85px; height: 38px; transition: background-color 0.2s ease 0s, color 0.2s ease 0s; border: 1px solid #e5e5e5; table-layout: fixed;\" data-v-=\"\">Talla<\/td>\n<td class=\"\" style=\"box-sizing: border-box; margin: 0px; padding: 0px 4px; min-width: 85px; height: 38px; transition: background-color 0.2s ease 0s, color 0.2s ease 0s; border: 1px solid #e5e5e5;\" data-v-=\"\">Pecho<\/td>\n<td class=\"\" style=\"box-sizing: border-box; margin: 0px; padding: 0px 4px; min-width: 85px; height: 38px; transition: background-color 0.2s ease 0s, color 0.2s ease 0s; border: 1px solid #e5e5e5;\" data-v-=\"\">Contorno cintura<\/td>\n<td class=\"\" style=\"box-sizing: border-box; margin: 0px; padding: 0px 4px; min-width: 85px; height: 38px; transition: background-color 0.2s ease 0s, color 0.2s ease 0s; border: 1px solid #e5e5e5;\" data-v-=\"\">Contorno caderas<\/td>\n<\/tr>\n<tr class=\"common-sizetable__table-tr\" style=\"box-sizing: border-box; text-align: center;\" data-v-=\"\">\n<td style=\"box-sizing: border-box; margin: 0px; padding: 0px 4px; outline: 0px; min-width: 85px; height: 38px; transition: background-color 0.2s ease 0s, color 0.2s ease 0s; border: 1px solid #e5e5e5; table-layout: fixed; font-weight: bold;\" data-v-=\"\">XS<\/td>\n<td class=\"\" style=\"box-sizing: border-box; margin: 0px; padding: 0px 4px; outline: 0px; min-width: 85px; height: 38px; transition: background-color 0.2s ease 0s, color 0.2s ease 0s; border: 1px solid #e5e5e5;\" data-v-=\"\">82-86<\/td>\n<td class=\"\" style=\"box-sizing: border-box; margin: 0px; padding: 0px 4px; outline: 0px; min-width: 85px; height: 38px; transition: background-color 0.2s ease 0s, color 0.2s ease 0s; border: 1px solid #e5e5e5;\" data-v-=\"\">62-66<\/td>\n<td class=\"\" style=\"box-sizing: border-box; margin: 0px; padding: 0px 4px; outline: 0px; min-width: 85px; height: 38px; transition: background-color 0.2s ease 0s, color 0.2s ease 0s; border: 1px solid #e5e5e5;\" data-v-=\"\">87-91<\/td>\n<\/tr>\n<tr class=\"common-sizetable__table-tr\" style=\"box-sizing: border-box; text-align: center;\" data-v-=\"\">\n<td style=\"box-sizing: border-box; margin: 0px; padding: 0px 4px; outline: 0px; min-width: 85px; height: 38px; transition: background-color 0.2s ease 0s, color 0.2s ease 0s; border: 1px solid #e5e5e5; table-layout: fixed; font-weight: bold;\" data-v-=\"\">S<\/td>\n<td class=\"\" style=\"box-sizing: border-box; margin: 0px; padding: 0px 4px; outline: 0px; min-width: 85px; height: 38px; transition: background-color 0.2s ease 0s, color 0.2s ease 0s; border: 1px solid #e5e5e5;\" data-v-=\"\">86-90<\/td>\n<td class=\"\" style=\"box-sizing: border-box; margin: 0px; padding: 0px 4px; outline: 0px; min-width: 85px; height: 38px; transition: background-color 0.2s ease 0s, color 0.2s ease 0s; border: 1px solid #e5e5e5;\" data-v-=\"\">66-70<\/td>\n<td class=\"\" style=\"box-sizing: border-box; margin: 0px; padding: 0px 4px; outline: 0px; min-width: 85px; height: 38px; transition: background-color 0.2s ease 0s, color 0.2s ease 0s; border: 1px solid #e5e5e5;\" data-v-=\"\">91-95<\/td>\n<\/tr>\n<tr class=\"common-sizetable__table-tr\" style=\"box-sizing: border-box; text-align: center;\" data-v-=\"\">\n<td style=\"box-sizing: border-box; margin: 0px; padding: 0px 4px; outline: 0px; min-width: 85px; height: 38px; transition: background-color 0.2s ease 0s, color 0.2s ease 0s; border: 1px solid #e5e5e5; table-layout: fixed; font-weight: bold;\" data-v-=\"\">M<\/td>\n<td class=\"\" style=\"box-sizing: border-box; margin: 0px; padding: 0px 4px; outline: 0px; min-width: 85px; height: 38px; transition: background-color 0.2s ease 0s, color 0.2s ease 0s; border: 1px solid #e5e5e5;\" data-v-=\"\">90-94<\/td>\n<td class=\"\" style=\"box-sizing: border-box; margin: 0px; padding: 0px 4px; outline: 0px; min-width: 85px; height: 38px; transition: background-color 0.2s ease 0s, color 0.2s ease 0s; border: 1px solid #e5e5e5;\" data-v-=\"\">70-74<\/td>\n<td class=\"\" style=\"box-sizing: border-box; margin: 0px; padding: 0px 4px; outline: 0px; min-width: 85px; height: 38px; transition: background-color 0.2s ease 0s, color 0.2s ease 0s; border: 1px solid #e5e5e5;\" data-v-=\"\">95-99<\/td>\n<\/tr>\n<tr class=\"common-sizetable__table-tr\" style=\"box-sizing: border-box; text-align: center;\" data-v-=\"\">\n<td style=\"box-sizing: border-box; margin: 0px; padding: 0px 4px; outline: 0px; min-width: 85px; height: 38px; transition: background-color 0.2s ease 0s, color 0.2s ease 0s; border: 1px solid #e5e5e5; table-layout: fixed; font-weight: bold;\" data-v-=\"\">L<\/td>\n<td class=\"\" style=\"box-sizing: border-box; margin: 0px; padding: 0px 4px; outline: 0px; min-width: 85px; height: 38px; transition: background-color 0.2s ease 0s, color 0.2s ease 0s; border: 1px solid #e5e5e5;\" data-v-=\"\">94-100<\/td>\n<td class=\"\" style=\"box-sizing: border-box; margin: 0px; padding: 0px 4px; outline: 0px; min-width: 85px; height: 38px; transition: background-color 0.2s ease 0s, color 0.2s ease 0s; border: 1px solid #e5e5e5;\" data-v-=\"\">74-80<\/td>\n<td class=\"\" style=\"box-sizing: border-box; margin: 0px; padding: 0px 4px; outline: 0px; min-width: 85px; height: 38px; transition: background-color 0.2s ease 0s, color 0.2s ease 0s; border: 1px solid #e5e5e5;\" data-v-=\"\">99-105<\/td>\n<\/tr>\n<tr class=\"common-sizetable__table-tr\" style=\"box-sizing: border-box; text-align: center;\" data-v-=\"\">\n<td style=\"box-sizing: border-box; margin: 0px; padding: 0px 4px; outline: 0px; min-width: 85px; height: 38px; transition: background-color 0.2s ease 0s, color 0.2s ease 0s; border: 1px solid #e5e5e5; table-layout: fixed; font-weight: bold;\" data-v-=\"\">XL<\/td>\n<td style=\"box-sizing: border-box; margin: 0px; padding: 0px 4px; outline: 0px; min-width: 85px; height: 38px; transition: background-color 0.2s ease 0s, color 0.2s ease 0s; border: 1px solid #e5e5e5;\" data-v-=\"\">100-106<\/td>\n<td class=\"\" style=\"box-sizing: border-box; margin: 0px; padding: 0px 4px; outline: 0px; min-width: 85px; height: 38px; transition: background-color 0.2s ease 0s, color 0.2s ease 0s; border: 1px solid #e5e5e5;\" data-v-=\"\">80-86<\/td>\n<td class=\"\" style=\"box-sizing: border-box; margin: 0px; padding: 0px 4px; outline: 0px; min-width: 85px; height: 38px; transition: background-color 0.2s ease 0s, color 0.2s ease 0s; border: 1px solid #e5e5e5;\" data-v-=\"\">105-111<\/td>\n<\/tr>\n<\/tbody>\n<\/table>\n<\/div>\n","protected":false},"excerpt":{"rendered":"<p>Astrid Tendencias es una empresa apasionada por la moda juvenil, comprometida con ofrecer prendas frescas, modernas y estilizadas que reflejen la energ\u00eda y la personalidad \u00fanica de la juventud actual. Nos especializamos en la importaci\u00f3n de vestidos que no solo siguen las \u00faltimas tendencias, sino que tambi\u00e9n son accesibles y vers\u00e1tiles, permitiendo a nuestros clientes expresar su estilo de manera aut\u00e9ntica.<\/p>\n","protected":false},"featured_media":2610,"comment_status":"closed","ping_status":"closed","template":"","meta":[],"product_cat":[50],"product_tag":[],"class_list":{"0":"post-2607","1":"product","2":"type-product","3":"status-publish","4":"has-post-thumbnail","6":"product_cat-vestido-largo","8":"first","9":"instock","10":"sale","11":"shipping-taxable","12":"purchasable","13":"product-type-variable","14":"has-default-attributes","15":"layout-style-3","16":"col-md-4 col-sm-4 col-xs-6","17":"col-lg-3","18":"product-has-gallery","19":"product-style-default"},"_links":{"self":[{"href":"https:\/\/astrid.pe\/index.php?rest_route=\/wp\/v2\/product\/2607","targetHints":{"allow":["GET"]}}],"collection":[{"href":"https:\/\/astrid.pe\/index.php?rest_route=\/wp\/v2\/product"}],"about":[{"href":"https:\/\/astrid.pe\/index.php?rest_route=\/wp\/v2\/types\/product"}],"replies":[{"embeddable":true,"href":"https:\/\/astrid.pe\/index.php?rest_route=%2Fwp%2Fv2%2Fcomments&post=2607"}],"wp:featuredmedia":[{"embeddable":true,"href":"https:\/\/astrid.pe\/index.php?rest_route=\/wp\/v2\/media\/2610"}],"wp:attachment":[{"href":"https:\/\/astrid.pe\/index.php?rest_route=%2Fwp%2Fv2%2Fmedia&parent=2607"}],"wp:term":[{"taxonomy":"product_cat","embeddable":true,"href":"https:\/\/astrid.pe\/index.php?rest_route=%2Fwp%2Fv2%2Fproduct_cat&post=2607"},{"taxonomy":"product_tag","embeddable":true,"href":"https:\/\/astrid.pe\/index.php?rest_route=%2Fwp%2Fv2%2Fproduct_tag&post=2607"}],"curies":[{"name":"wp","href":"https:\/\/api.w.org\/{rel}","templated":true}]}}